 i*q - 596. Is q composite?
False
Let f be (-50)/(-100) + 114/4. Suppose -f*o - 388818 = -1132871. Is o a prime number?
True
Let d = 1299 + 14362. Is d prime?
True
Let o(l) = 135*l**2 + 15*l + 62. Let a be o(-13). Suppose -j + 7564 = r, -6*j + 3*j + a = r. Is j prime?
True
Let m(a) = -4*a**2 + 34*a - 11. Let f(x) = x**2 - 1. Let s(i) = -i**2 + 1. Let p(d) = f(d) + 2*s(d). Let u(h) = m(h) - 6*p(h). Is u(15) a prime number?
False
Let w(l) = -1950*l**3 + 3*l**2 - 2*l + 3. Let f(k) = 974*k**3 - 2*k**2 + k - 2. Let b(a) = 5*f(a) + 3*w(a). Is b(-3) a composite number?
True
Let n = -497 + 237. Let z = 1255 - 564. Let x = n + z. Is x prime?
True
Suppose -3*z = -11 - 10. Let p be z - (10*-2)/(-5). Suppose -p + 31 = 4*g. Is g a prime number?
True
Suppose 369*j - 390*j = -15552789. Is j a composite number?
True
Let r = -114 + 116. Suppose r*t + 154 - 1116 = 0. Is t a prime number?
False
Let r = -76938 - -112537. Is r a prime number?
False
Let y(r) be the third derivative of 1/6*r**3 - 3/8*r**4 + 0*r - 1/30*r**5 + 0 - 4*r**2 - 1/60*r**6. Is y(-6) a prime number?
False
Let m = 19357 + -878. Suppose -5*x + m = 3*v, -8 - 2 = 5*x. Is v a prime number?
True
Suppose -14*c + 36*c - 28747601 = -19*c. Is c a composite number?
True
Let v be 10*5/10 - 4053. Is v/44*1/((-8)/142) a prime number?
False
Suppose -3*y - 5*a - 36 = 0, 4*a - 20 = 2*y + 26. Is 5021/4 - y/(-68) a prime number?
False
Suppose -4*k = 3*r - 22, -3*k = k + 8. Suppose -r*h + 15 - 745 = 0. Let t = 70 - h. Is t composite?
True
Let z = -20 - -13262. Suppose 10067 = 13*m - z. Is m a prime number?
False
Suppose 0 = 76*s - 7678 - 2552230. Is s prime?
False
Suppose -13274 - 65875 = -3*t + 4*z, -5*z = t - 26402. Is t composite?
False
Let l(f) = -2*f**2 - 12*f - 31. Let s be l(-5). Let x(p) = -18*p - 31*p + 47 - 65*p. Is x(s) composite?
False
Suppose 22*x = 20*x, 0 = 4*w - 2*x + 10936. Is (3/(24/w))/((-3)/84) composite?
True
Let a be 4/(-8) + -3*(-26)/12. Is 6/((-18)/a) - -889 prime?
True
Let m = -116 - -122. Is (m/(-12) - -2)*17606/3 prime?
True
Suppose -161*q - 1681636 = 151*q - 7022140. Is q a composite number?
False
Suppose -14*x - 40 = -4*x. Let d(a) = 1361*a**3 - 3*a**2 + 4*a + 4. Let w(h) = 1361*h**3 - 4*h**2 + 5*h + 5. Let t(y) = x*d(y) + 3*w(y). Is t(-1) composite?
False
Suppose -2903413 = -145*y + 8137310 + 3459422. Is y composite?
True
Let x be -7*-1*39*(-14 + 15). Suppose -5*h + 4*t + 1439 = 0, -h - 2*t = -x - 12. Is h a composite number?
True
Let z = 18181 + -4427. Suppose 4*c - 18352 = -4*k, -4*c = 3*k - 3*c - z. Is k composite?
False
Let a(b) = 423*b - 26. Let c be a(-11). Let w = 110 - c. Is w composite?
False
Suppose 0*h - 4 = -h. Let i be h/(0 + (2 - 1))*3. Is (-514)/(-4) - i/16*2 a composite number?
False
Let p = -272 - -273. Is (34/68)/(p/466) composite?
False
Let s(y) = 20*y**2 - 24*y + 4 + 6 + 41*y + y**3. Is s(-12) a composite number?
True
Let c be 57/(-342) - 31/(-6). Suppose -3*h = c*w - 6925, 3*h - w + 9222 = 7*h. Is h composite?
True
Let g = -59893 - -118410. Is g prime?
False
Suppose 0 = 12*k - 13 - 491. Let j(i) = k*i - 66*i - 18*i + 9 - 55*i. Is j(-4) a composite number?
False
Let y = -3847 - -6596. Is y a composite number?
False
Let a be (-1 - -8)*(12 - (-1344)/(-98)). Let m(c) = -765*c + 301. Is m(a) a composite number?
True
Suppose 4*g - 10*q + 9*q - 239930 = 0, -3*q - 6 = 0. Let z = -30065 + g. Is z a prime number?
True
Let o(y) = 2*y**2 - 53*y - 496. Is o(45) prime?
False
Let m(b) = b**3 - 13*b + 7. Suppose 2 = -q, -5*v - 5*q - 4 = -19. Let f be m(v). Is (2 - (5 + -1)) + f prime?
False
Let m(f) = 47*f**2 + 128*f - 161. Is m(66) a prime number?
True
Let o be (1/(-1))/(12/(-84)). Let u(s) = s**3 + 4*s**2 - 5*s + 2. Let f be u(-5). Suppose f*w = -r + 80, -3*w - 136 = -o*w + 4*r. Is w composite?
True
Let g be (-4)/(-6) - 336/(-36). Suppose -5*o = -g*o + 7715. Is o a composite number?
False
Suppose 25*v - 20 = 30*v. Let n(j) = j**2 + 4. Let g be n(v). Is (1 - 25/g) + 1917/4 a composite number?
False
Suppose 7*q = 10*q. Suppose 0*d - d + 4 = q. Suppose d*l - 189 = 159. Is l a prime number?
False
Let t(n) = n**2 - 2*n. Let b(y) = 214*y**2 + 3*y - 5. Let c(w) = b(w) + 3*t(w). Is c(-5) a prime number?
False
Suppose 0 = 5778*l - 5760*l - 2239938. Is l composite?
True
Is (-1258754)/(-20) - 1095/(-3650) composite?
True
Is (27682335/90)/(5/3) + (-2)/(-20) prime?
False
Let u(s) be the first derivative of s**4/4 + s**3 - 2*s + 12. Let l be u(-2). Suppose -3*v = 4*k - 781, -l*k + 3*k - 524 = -2*v. Is v a composite number?
False
Is (0/9 - -1786027) + 16 + -22 prime?
True
Let k(y) = -520*y + 4. Let c be (-39)/(-18) + 1/(-6). Let p be k(c). Let m = p - -2085. Is m a composite number?
False
Let y(s) be the third derivative of -5*s**4/24 + 10*s**3/3 - 2*s**2 - 30*s. Let q be y(5). Is 12/(-15) - 779/q composite?
True
Let z = 61 + -59. Suppose -22 = -2*l - 4*v, 0 = -2*l + 3*v - v - z. Let p(s) = 99*s**3 - 6*s**2 - 5*s + 7. Is p(l) a prime number?
False
Let o be -82*335*69/(-115). Suppose 4*x - 23*j = -21*j + 21982, 0 = -3*x + 3*j + o. Is x a prime number?
False
Let h be 2/(-4)*(7 - 1). Let r = -1468 - -1664. Let i = r - h. Is i composite?
False
Is (-14)/(-175) - 6219473/(-25) a composite number?
False
Let o(p) = -p**3 + 6*p**2 + p + 7. Let r be o(7). Let q be (r/(-25))/(6/5 + -1). Let i(c) = 15*c**2 + 4*c - 18. Is i(q) a composite number?
True
Let t = -99 + 102. Let y(v) = 577*v + 2. Is y(t) prime?
True
Let w be (-13)/(26/(-2076)) - (1 - -3). Suppose 2*u + 0*u + r - w = 0, 4*r - 2076 = -4*u. Suppose 2*m - u - 483 = 0. Is m a composite number?
False
Suppose 10*c + 57 = 13*c + 2*i, 2*c + 4*i - 38 = 0. Let a(z) = -8*z**2 - 2*z + 33. Let k(q) = 15*q**2 + 3*q - 66. Let d(m) = 11*a(m) + 6*k(m). Is d(c) prime?
True
Suppose 439941988 = 77*v + 282*v + 26993981. Is v a prime number?
False
Let t = 1766 + -1261. Suppose t - 1672 = -3*q. Is q a composite number?
False
Let r be (-3 - 1) + 35/5. Suppose 2*w + 4*f + 2217 = r*w, 0 = w - 2*f - 2227. Is w a prime number?
True
Suppose 144*m - 46289502 - 56044697 = -109*m. Is m prime?
True
Let q be (168/(-9))/(3/(-18)). Let k = 96 - q. Let s(l) = l**2 - 2*l - 37. Is s(k) a prime number?
True
Suppose 3400001 + 1200232 + 898701 = 42*d. Is d prime?
True
Suppose 2*y + 2*l = 218, 10*y - l - 307 = 7*y. Let p be (-102)/4 - (-3)/6. Let g = p + y. Is g a composite number?
False
Let z(c) = 18*c**2 + 3*c + 43. Let w be z(-8). Suppose 4*b = -w + 18335. Is b composite?
True
Suppose 3*p = -12, u + 2*p = -4 - 1. Suppose 0 = u*i + 9506 - 33683. Is i a composite number?
False
Suppose -4*s - 4*o + 54601 = -441963, -3*o = -3*s + 372423. Is s a composite number?
True
Let x be (-11 - -11)/(1/1). Let y be -1 + 4 - (x - 1). Let t(j) = 13*j**3 - 5*j**2 + 9*j - 10. Is t(y) prime?
False
Suppose 0 = 5*o - 8 - 2. Suppose -3*s - 7927 = -4*a, -a + 0*s - o*s + 1968 = 0. Suppose a = 3*k - 1787. Is k a composite number?
True
Suppose 5*k + 93326 = r, -5*r - 152*k + 466490 = -149*k. Is r a composite number?
True
Suppose -126*b + 215500982 - 72860839 = -61658399. Is b prime?
False
Suppose 3*q - 7*q - 40 = 0. Is q/(-4)*143740/50 prime?
True
Let p = 299807 + -116586. Is p a prime number?
False
Let m be (10 - (-616)/(-55)) + (-2)/(-10). Is (-4621)/2*2/m prime?
True
Let o be (-4)/6 - 398/6. Let f = 18 - o. Suppose t - f = -0*t. Is t composite?
True
Let c = 2773 - -612. Is c composite?
True
Suppose 16*w + 6750 = 6*w. Let j be w/(-2) + 3/2. Suppose -3*k + j = -2*k. Is k a prime number?
False
Let j be ((-24)/36)/((-2)/14919). Let p = j + -436. Suppose 0 = 6*s - 11117 - p. Is s prime?
True
Is -1*(161675 + 142)*(-1)/3 composite?
False
Suppose 43*s = 39*s + 24. Let v(f) = 92*f**2 - 8*f - 1. Is v(s) prime?
False
Is (33 - 26)*(-1 + 18584) a prime number?
False
Suppose 3*x = 3*i - 105, -x = i + i - 55. Suppose -4*g - 2*z = -i, 2*g - 6*g + z = -39. Suppose -2359 = g*m - 10*m. Is m composite?
True
Suppose 95*h - 28*h = -5896. Is (22/h)/((-2)/56552) a composite number?
False
Let o(p) = -p**3 + 81*p**2 + 51*p - 132. Is o(-49) a prime number?
False
Let g(j) be the second derivative of 211*j**3/6 - 5*j**2 - 2107*j. Let z be -1*(0 + -4 + 1). Is g(z) prime?
False
Let a(n) = 94*n**3 + 9*n**2 - 7*n + 14. Let o be a(4). Let y = o + -2657. Is y composite?
True
Let l be 5 - (-2)/(6/9). Let r be ((-78)/(-30) - (-6)/(-2))*3